{"id":1562,"date":"2018-01-12T16:28:07","date_gmt":"2018-01-12T15:28:07","guid":{"rendered":"http:\/\/architecture-concept.eu\/?page_id=1562"},"modified":"2023-01-11T15:11:24","modified_gmt":"2023-01-11T14:11:24","slug":"le-personnel-2","status":"publish","type":"page","link":"https:\/\/architecture-concept.eu\/?page_id=1562","title":{"rendered":"Le personnel"},"content":{"rendered":"<p>[et_pb_section fb_built=\u00a0\u00bb1&Prime; admin_label=\u00a0\u00bbsection\u00a0\u00bb _builder_version=\u00a0\u00bb4.16&Prime; background_color=\u00a0\u00bbrgba(255,255,255,0)\u00a0\u00bb custom_margin=\u00a0\u00bb||100px|\u00a0\u00bb custom_margin_tablet=\u00a0\u00bb\u00a0\u00bb custom_margin_phone=\u00a0\u00bb\u00a0\u00bb custom_margin_last_edited=\u00a0\u00bbon|desktop\u00a0\u00bb custom_padding=\u00a0\u00bb20px||500px|\u00a0\u00bb global_colors_info=\u00a0\u00bb{}\u00a0\u00bb][et_pb_row admin_label=\u00a0\u00bbrow\u00a0\u00bb _builder_version=\u00a0\u00bb4.16&Prime; background_color=\u00a0\u00bbrgba(255,255,255,0.75)\u00a0\u00bb background_size=\u00a0\u00bbinitial\u00a0\u00bb background_position=\u00a0\u00bbtop_left\u00a0\u00bb background_repeat=\u00a0\u00bbrepeat\u00a0\u00bb custom_margin=\u00a0\u00bb|||\u00a0\u00bb global_colors_info=\u00a0\u00bb{}\u00a0\u00bb][et_pb_column type=\u00a0\u00bb4_4&Prime; _builder_version=\u00a0\u00bb4.16&Prime; custom_padding=\u00a0\u00bb|||\u00a0\u00bb global_colors_info=\u00a0\u00bb{}\u00a0\u00bb custom_padding__hover=\u00a0\u00bb|||\u00a0\u00bb][et_pb_text _builder_version=\u00a0\u00bb4.16&Prime; text_font=\u00a0\u00bb||||||||\u00a0\u00bb text_text_color=\u00a0\u00bb#000000&Prime; header_font=\u00a0\u00bb||||||||\u00a0\u00bb custom_padding=\u00a0\u00bb|20px||20px\u00a0\u00bb filter_hue_rotate=\u00a0\u00bb210deg\u00a0\u00bb filter_opacity=\u00a0\u00bb70%\u00a0\u00bb global_colors_info=\u00a0\u00bb{}\u00a0\u00bb]<\/p>\n<h1>Le personnel<\/h1>\n<ul>\n<li>Xavier FROMONT, architecte DESL<\/li>\n<li>Rachel FROMONT, architecte DESL<\/li>\n<\/ul>\n<p>La diversit\u00e9 des parcours professionnels des architectes a permis d\u2019acqu\u00e9rir de solides exp\u00e9riences dans diff\u00e9rentes disciplines. Le savoir-faire de chacun est exploit\u00e9 et mis en commun au sein de la soci\u00e9t\u00e9 afin d\u2019offrir toutes les comp\u00e9tences n\u00e9cessaires associ\u00e9es \u00e0 notre dynamisme.<\/p>\n<p>[\/et_pb_text][\/et_pb_column][\/et_pb_row][\/et_pb_section]<\/p>\n","protected":false},"excerpt":{"rendered":"<p>Le personnel Xavier FROMONT, architecte DESL Rachel FROMONT, architecte DESL La diversit\u00e9 des parcours professionnels des architectes a permis d\u2019acqu\u00e9rir de solides exp\u00e9riences dans diff\u00e9rentes disciplines. Le savoir-faire de chacun est exploit\u00e9 et mis en commun au sein de la soci\u00e9t\u00e9 afin d\u2019offrir toutes les comp\u00e9tences n\u00e9cessaires associ\u00e9es \u00e0 notre dynamisme.<\/p>\n","protected":false},"author":1,"featured_media":0,"parent":211,"menu_order":0,"comment_status":"closed","ping_status":"closed","template":"","meta":{"_et_pb_use_builder":"on","_et_pb_old_content":"","_et_gb_content_width":"","footnotes":""},"class_list":["post-1562","page","type-page","status-publish","hentry"],"_links":{"self":[{"href":"https:\/\/architecture-concept.eu\/index.php?rest_route=\/wp\/v2\/pages\/1562","targetHints":{"allow":["GET"]}}],"collection":[{"href":"https:\/\/architecture-concept.eu\/index.php?rest_route=\/wp\/v2\/pages"}],"about":[{"href":"https:\/\/architecture-concept.eu\/index.php?rest_route=\/wp\/v2\/types\/page"}],"author":[{"embeddable":true,"href":"https:\/\/architecture-concept.eu\/index.php?rest_route=\/wp\/v2\/users\/1"}],"replies":[{"embeddable":true,"href":"https:\/\/architecture-concept.eu\/index.php?rest_route=%2Fwp%2Fv2%2Fcomments&post=1562"}],"version-history":[{"count":0,"href":"https:\/\/architecture-concept.eu\/index.php?rest_route=\/wp\/v2\/pages\/1562\/revisions"}],"up":[{"embeddable":true,"href":"https:\/\/architecture-concept.eu\/index.php?rest_route=\/wp\/v2\/pages\/211"}],"wp:attachment":[{"href":"https:\/\/architecture-concept.eu\/index.php?rest_route=%2Fwp%2Fv2%2Fmedia&parent=1562"}],"curies":[{"name":"wp","href":"https:\/\/api.w.org\/{rel}","templated":true}]}}

<p>[et_pb_section fb_built= »1&Prime; admin_label= »section » _builder_version= »4.16&Prime; background_color= »rgba(255,255,255,0) » custom_margin= »||100px| » custom_margin_tablet= » » custom_margin_phone= » » custom_margin_last_edited= »on|desktop » custom_padding= »20px||500px| » global_colors_info= »{} »][et_pb_row admin_label= »row » _builder_version= »4.16&Prime; background_color= »rgba(255,255,255,0.75) » background_size= »initial » background_position= »top_left » background_repeat= »repeat » custom_margin= »||| » global_colors_info= »{} »][et_pb_column type= »4_4&Prime; _builder_version= »4.16&Prime; custom_padding= »||| » global_colors_info= »{} » custom_padding__hover= »||| »][et_pb_text _builder_version= »4.16&Prime; text_font= »|||||||| » text_text_color= »#000000&Prime; header_font= »|||||||| » custom_padding= »|20px||20px » filter_hue_rotate= »210deg » filter_opacity= »70% » global_colors_info= »{} »]</p>
<h1>Le personnel</h1>
<ul>
<li>Xavier FROMONT, architecte DESL</li>
<li>Rachel FROMONT, architecte DESL</li>
</ul>
<p>La diversité des parcours professionnels des architectes a permis d’acquérir de solides expériences dans différentes disciplines. Le savoir-faire de chacun est exploité et mis en commun au sein de la société afin d’offrir toutes les compétences nécessaires associées à notre dynamisme.</p>
<p>[/et_pb_text][/et_pb_column][/et_pb_row][/et_pb_section]</p>

<p>Le personnel Xavier FROMONT, architecte DESL Rachel FROMONT, architecte DESL La diversité des parcours professionnels des architectes a permis d’acquérir de solides expériences dans différentes disciplines. Le savoir-faire de chacun est exploité et mis en commun au sein de la société afin d’offrir toutes les compétences nécessaires associées à notre dynamisme.</p>
